{"id":49,"date":"2020-07-29T17:48:06","date_gmt":"2020-07-29T15:48:06","guid":{"rendered":"https:\/\/www.domaine-picard.com\/blog\/?page_id=49"},"modified":"2021-06-11T10:03:28","modified_gmt":"2021-06-11T08:03:28","slug":"recettes","status":"publish","type":"page","link":"https:\/\/www.domaine-picard.com\/blog\/recettes\/","title":{"rendered":"Nos recettes"},"content":{"rendered":"<p>[et_pb_section fb_built=\u00a0\u00bb1&Prime; admin_label=\u00a0\u00bbsection\u00a0\u00bb _builder_version=\u00a0\u00bb3.22&Prime;][et_pb_row admin_label=\u00a0\u00bbrow\u00a0\u00bb _builder_version=\u00a0\u00bb3.25&Prime; background_size=\u00a0\u00bbinitial\u00a0\u00bb background_position=\u00a0\u00bbtop_left\u00a0\u00bb background_repeat=\u00a0\u00bbrepeat\u00a0\u00bb][et_pb_column type=\u00a0\u00bb4_4&Prime; _builder_version=\u00a0\u00bb3.25&Prime; custom_padding=\u00a0\u00bb|||\u00a0\u00bb custom_padding__hover=\u00a0\u00bb|||\u00a0\u00bb][\/et_pb_column][\/et_pb_row][\/et_pb_section]<\/p>\n","protected":false},"excerpt":{"rendered":"","protected":false},"author":3,"featured_media":0,"parent":0,"menu_order":0,"comment_status":"closed","ping_status":"closed","template":"","meta":{"_et_pb_use_builder":"on","_et_pb_old_content":"","_et_gb_content_width":"","inline_featured_image":false,"yasr_overall_rating":0,"yasr_post_is_review":"","yasr_auto_insert_disabled":"","yasr_review_type":"","footnotes":""},"class_list":["post-49","page","type-page","status-publish","hentry"],"yoast_head":"<!-- This site is optimized with the Yoast SEO plugin v22.6 - https:\/\/yoast.com\/wordpress\/plugins\/seo\/ -->\n<title>Recettes originales faciles \u00e0 faire pour toute la famille<\/title>\n<meta name=\"description\" content=\"Faites plaisir \u00e0 vos papilles en suivant les d\u00e9licieuses recettes de notre blog : des recettes faciles \u00e0 faire pour toute la famille!\" \/>\n<meta name=\"robots\" content=\"index, follow, max-snippet:-1, max-image-preview:large, max-video-preview:-1\" \/>\n<link rel=\"canonical\" href=\"https:\/\/www.domaine-picard.com\/blog\/recettes\/\" \/>\n<meta property=\"og:locale\" content=\"fr_FR\" \/>\n<meta property=\"og:type\" content=\"article\" \/>\n<meta property=\"og:title\" content=\"Recettes originales faciles \u00e0 faire pour toute la famille\" \/>\n<meta property=\"og:description\" content=\"Faites plaisir \u00e0 vos papilles en suivant les d\u00e9licieuses recettes de notre blog : des recettes faciles \u00e0 faire pour toute la famille!\" \/>\n<meta property=\"og:url\" content=\"https:\/\/www.domaine-picard.com\/blog\/recettes\/\" \/>\n<meta property=\"og:site_name\" content=\"Blog Domaine Picard\" \/>\n<meta property=\"article:modified_time\" content=\"2021-06-11T08:03:28+00:00\" \/>\n<meta name=\"twitter:card\" content=\"summary_large_image\" \/>\n<script type=\"application\/ld+json\" class=\"yoast-schema-graph\">{\"@context\":\"https:\/\/schema.org\",\"@graph\":[{\"@type\":\"WebPage\",\"@id\":\"https:\/\/www.domaine-picard.com\/blog\/recettes\/\",\"url\":\"https:\/\/www.domaine-picard.com\/blog\/recettes\/\",\"name\":\"Recettes originales faciles \u00e0 faire pour toute la famille\",\"isPartOf\":{\"@id\":\"https:\/\/www.domaine-picard.com\/blog\/#website\"},\"datePublished\":\"2020-07-29T15:48:06+00:00\",\"dateModified\":\"2021-06-11T08:03:28+00:00\",\"description\":\"Faites plaisir \u00e0 vos papilles en suivant les d\u00e9licieuses recettes de notre blog : des recettes faciles \u00e0 faire pour toute la famille!\",\"breadcrumb\":{\"@id\":\"https:\/\/www.domaine-picard.com\/blog\/recettes\/#breadcrumb\"},\"inLanguage\":\"fr-FR\",\"potentialAction\":[{\"@type\":\"ReadAction\",\"target\":[\"https:\/\/www.domaine-picard.com\/blog\/recettes\/\"]}]},{\"@type\":\"BreadcrumbList\",\"@id\":\"https:\/\/www.domaine-picard.com\/blog\/recettes\/#breadcrumb\",\"itemListElement\":[{\"@type\":\"ListItem\",\"position\":1,\"name\":\"Accueil\",\"item\":\"https:\/\/www.domaine-picard.com\/blog\/\"},{\"@type\":\"ListItem\",\"position\":2,\"name\":\"Nos recettes\"}]},{\"@type\":\"WebSite\",\"@id\":\"https:\/\/www.domaine-picard.com\/blog\/#website\",\"url\":\"https:\/\/www.domaine-picard.com\/blog\/\",\"name\":\"Blog Domaine Picard\",\"description\":\"Un site utilisant WordPress\",\"publisher\":{\"@id\":\"https:\/\/www.domaine-picard.com\/blog\/#organization\"},\"potentialAction\":[{\"@type\":\"SearchAction\",\"target\":{\"@type\":\"EntryPoint\",\"urlTemplate\":\"https:\/\/www.domaine-picard.com\/blog\/?s={search_term_string}\"},\"query-input\":\"required name=search_term_string\"}],\"inLanguage\":\"fr-FR\"},{\"@type\":\"Organization\",\"@id\":\"https:\/\/www.domaine-picard.com\/blog\/#organization\",\"name\":\"Domaine Picard\",\"url\":\"https:\/\/www.domaine-picard.com\/blog\/\",\"logo\":{\"@type\":\"ImageObject\",\"inLanguage\":\"fr-FR\",\"@id\":\"https:\/\/www.domaine-picard.com\/blog\/#\/schema\/logo\/image\/\",\"url\":\"https:\/\/www.domaine-picard.com\/blog\/wp-content\/uploads\/2020\/07\/domaine-picard-logo.png\",\"contentUrl\":\"https:\/\/www.domaine-picard.com\/blog\/wp-content\/uploads\/2020\/07\/domaine-picard-logo.png\",\"width\":300,\"height\":166,\"caption\":\"Domaine Picard\"},\"image\":{\"@id\":\"https:\/\/www.domaine-picard.com\/blog\/#\/schema\/logo\/image\/\"}},false]}<\/script>\n<!-- \/ Yoast SEO plugin. -->","yoast_head_json":{"title":"Recettes originales faciles \u00e0 faire pour toute la famille","description":"Faites plaisir \u00e0 vos papilles en suivant les d\u00e9licieuses recettes de notre blog : des recettes faciles \u00e0 faire pour toute la famille!","robots":{"index":"index","follow":"follow","max-snippet":"max-snippet:-1","max-image-preview":"max-image-preview:large","max-video-preview":"max-video-preview:-1"},"canonical":"https:\/\/www.domaine-picard.com\/blog\/recettes\/","og_locale":"fr_FR","og_type":"article","og_title":"Recettes originales faciles \u00e0 faire pour toute la famille","og_description":"Faites plaisir \u00e0 vos papilles en suivant les d\u00e9licieuses recettes de notre blog : des recettes faciles \u00e0 faire pour toute la famille!","og_url":"https:\/\/www.domaine-picard.com\/blog\/recettes\/","og_site_name":"Blog Domaine Picard","article_modified_time":"2021-06-11T08:03:28+00:00","twitter_card":"summary_large_image","schema":{"@context":"https:\/\/schema.org","@graph":[{"@type":"WebPage","@id":"https:\/\/www.domaine-picard.com\/blog\/recettes\/","url":"https:\/\/www.domaine-picard.com\/blog\/recettes\/","name":"Recettes originales faciles \u00e0 faire pour toute la famille","isPartOf":{"@id":"https:\/\/www.domaine-picard.com\/blog\/#website"},"datePublished":"2020-07-29T15:48:06+00:00","dateModified":"2021-06-11T08:03:28+00:00","description":"Faites plaisir \u00e0 vos papilles en suivant les d\u00e9licieuses recettes de notre blog : des recettes faciles \u00e0 faire pour toute la famille!","breadcrumb":{"@id":"https:\/\/www.domaine-picard.com\/blog\/recettes\/#breadcrumb"},"inLanguage":"fr-FR","potentialAction":[{"@type":"ReadAction","target":["https:\/\/www.domaine-picard.com\/blog\/recettes\/"]}]},{"@type":"BreadcrumbList","@id":"https:\/\/www.domaine-picard.com\/blog\/recettes\/#breadcrumb","itemListElement":[{"@type":"ListItem","position":1,"name":"Accueil","item":"https:\/\/www.domaine-picard.com\/blog\/"},{"@type":"ListItem","position":2,"name":"Nos recettes"}]},{"@type":"WebSite","@id":"https:\/\/www.domaine-picard.com\/blog\/#website","url":"https:\/\/www.domaine-picard.com\/blog\/","name":"Blog Domaine Picard","description":"Un site utilisant WordPress","publisher":{"@id":"https:\/\/www.domaine-picard.com\/blog\/#organization"},"potentialAction":[{"@type":"SearchAction","target":{"@type":"EntryPoint","urlTemplate":"https:\/\/www.domaine-picard.com\/blog\/?s={search_term_string}"},"query-input":"required name=search_term_string"}],"inLanguage":"fr-FR"},{"@type":"Organization","@id":"https:\/\/www.domaine-picard.com\/blog\/#organization","name":"Domaine Picard","url":"https:\/\/www.domaine-picard.com\/blog\/","logo":{"@type":"ImageObject","inLanguage":"fr-FR","@id":"https:\/\/www.domaine-picard.com\/blog\/#\/schema\/logo\/image\/","url":"https:\/\/www.domaine-picard.com\/blog\/wp-content\/uploads\/2020\/07\/domaine-picard-logo.png","contentUrl":"https:\/\/www.domaine-picard.com\/blog\/wp-content\/uploads\/2020\/07\/domaine-picard-logo.png","width":300,"height":166,"caption":"Domaine Picard"},"image":{"@id":"https:\/\/www.domaine-picard.com\/blog\/#\/schema\/logo\/image\/"}},false]}},"yasr_visitor_votes":{"stars_attributes":{"read_only":true,"span_bottom":"<div class='yasr-small-block-bold'><span class='yasr-visitor-votes-must-sign-in'>Vous devez vous connecter pour voter<\/span><\/div>"},"number_of_votes":0,"sum_votes":0},"_links":{"self":[{"href":"https:\/\/www.domaine-picard.com\/blog\/wp-json\/wp\/v2\/pages\/49","targetHints":{"allow":["GET"]}}],"collection":[{"href":"https:\/\/www.domaine-picard.com\/blog\/wp-json\/wp\/v2\/pages"}],"about":[{"href":"https:\/\/www.domaine-picard.com\/blog\/wp-json\/wp\/v2\/types\/page"}],"author":[{"embeddable":true,"href":"https:\/\/www.domaine-picard.com\/blog\/wp-json\/wp\/v2\/users\/3"}],"replies":[{"embeddable":true,"href":"https:\/\/www.domaine-picard.com\/blog\/wp-json\/wp\/v2\/comments?post=49"}],"version-history":[{"count":4,"href":"https:\/\/www.domaine-picard.com\/blog\/wp-json\/wp\/v2\/pages\/49\/revisions"}],"predecessor-version":[{"id":664,"href":"https:\/\/www.domaine-picard.com\/blog\/wp-json\/wp\/v2\/pages\/49\/revisions\/664"}],"wp:attachment":[{"href":"https:\/\/www.domaine-picard.com\/blog\/wp-json\/wp\/v2\/media?parent=49"}],"curies":[{"name":"wp","href":"https:\/\/api.w.org\/{rel}","templated":true}]}}